ase 12, what is -6 + -4168?
-4172
In base 12, what is -10 + 3245?
3235
In base 12, what is 1 + -80b67?
-80b66
In base 9, what is 27 - -6005?
6033
In base 11, what is 12 + -1851?
-183a
In base 8, what is -40 + -13505?
-13545
In base 13, what is 4 - -4674ab?
4674b2
In base 6, what is -2 + -2552?
-2554
In base 4, what is 322 - -3013322?
3020310
In base 16, what is 5 + -ba3fc?
-ba3f7
In base 5, what is -23 - 240332?
-240410
In base 11, what is 411 - 81?
340
In base 16, what is 898 + c4?
95c
In base 9, what is 71 - 423?
-342
In base 6, what is -3331 + -11455?
-15230
In base 10, what is -37437 + 2?
-37435
In base 11, what is 36 + 3915?
3950
In base 15, what is -4d3c - 1?
-4d3d
In base 4, what is 130320 - 132?
130122
In base 7, what is -3 - 10454?
-10460
In base 12, what is 3b60 - 3?
3b59
In base 3, what is -1 + 1121221?
1121220
In base 14, what is 1169 + -a?
115d
In base 7, what is 46135 - 130?
46005
In base 2, what is -110000010001 + -100000?
-110000110001
In base 13, what is c9 - -242?
33b
In base 7, what is -26030 + 2?
-26025
In base 13, what is 12a41 - 3?
12a3b
In base 13, what is 15 - -3075?
308a
In base 5, what is -12 + 1041330?
1041313
In base 16, what is 0 - 7cf2?
-7cf2
In base 15, what is 0 + -686c?
-686c
In base 4, what is 0 - 23330221?
-23330221
In base 8, what is -1 + -5407254?
-5407255
In base 6, what is -5 + 310334?
310325
In base 10, what is 39 - 664?
-625
In base 4, what is -22 - 10003?
-10031
In base 4, what is -3302223100 + 11?
-3302223023
In base 10, what is 77611 - -4?
77615
In base 2, what is 110100010 + -1011010?
101001000
In base 15, what is 708 - -10?
718
In base 11, what is 7 - 15566?
-1555a
In base 7, what is 4 - 2336632?
-2336625
In base 4, what is 10232 + 133212?
210110
In base 9, what is 0 - 480255?
-480255
In base 15, what is d2d - -28?
d56
In base 5, what is -1043130 + 2?
-1043123
In base 10, what is -1234345 - 0?
-1234345
In base 6, what is -5 - 2223020?
-2223025
In base 12, what is -5 - a1386?
-a138b
In base 4, what is 3 - -1213020?
1213023
In base 2, what is 10100111011101 + 1?
10100111011110
In base 10, what is -2510735 + -1?
-2510736
In base 4, what is -20100 - -2212?
-11222
In base 7, what is 4 + 5524236?
5524243
In base 12, what is -2 + 208b20?
208b1a
In base 5, what is 111002311 + -4?
111002302
In base 6, what is -3 + 40435?
40432
In base 16, what is -2f3fd - 5?
-2f402
In base 9, what is -2184 + -223?
-2417
In base 6, what is 3134023 + 1?
3134024
In base 2, what is 1010000000 - -1001?
1010001001
In base 14, what is 6644 - 19?
6629
In base 11, what is -a1092 + 2?
-a1090
In base 6, what is -11141 + 151?
-10550
In base 13, what is 150 + -753?
-603
In base 14, what is -32 - 1b16?
-1b48
In base 14, what is b0c + -41?
aab
In base 2, what is -110 - -100011001111010?
100011001110100
In base 14, what is -7b - -c6?
49
In base 12, what is 0 - -498a?
498a
In base 14, what is -6d201 - 1?
-6d202
In base 5, what is 1042420420 - -4?
1042420424
In base 15, what is 13 + 194b?
195e
In base 15, what is -9e4 + -29?
-a1d
In base 12, what is 1a + 69b21?
69b3b
In base 14, what is c - -564b9?
564c7
In base 6, what is -1 + -122104?
-122105
In base 11, what is 4a6 + -2946?
-2450
In base 5, what is -414 + -2112?
-3031
In base 2, what is -11111010101000 + 1?
-11111010100111
In base 13, what is -34a8 + 24?
-3484
In base 4, what is 100303301 + -10?
100303231
In base 9, what is 58 + -23464?
-23405
In base 7, what is -5 - -430234?
430226
In base 16, what is 3ee + -2?
3ec
In base 5, what is -1030034 - 33?
-1030122
In base 10, what is 12720 - 101?
12619
In base 13, what is 5 - -414a6?
414ab
In base 5, what is 120221 + -3124?
112042
In base 3, what is 111 - -201022122?
201100010
In base 7, what is 20212 - 14?
20165
In base 16, what is ae0 + -16?
aca
In base 4, what is -1000020 - -313?
-333101
In base 16, what is ee74 - 1?
ee73
In base 8, what is 554357 - -2?
554361
In base 6, what is 100 + 5510?
10010
In base 8, what is -26 + 607362?
607334
In base 2, what is 10010010000000110011001 - 10?
10010010000000110010111
In base 10, what is 5354 - -2?
5356
In base 13, what is -214461 + -5?
-214466
In base 16, what is bad - -1f?
bcc
In base 10, what is 101 - 497?
-396
In base 9, what is -62 - 15741?
-15813
In base 5, what is -10 - -41224311?
41224301
In base 6, what is -1212321 - -4?
-1212313
In base 15, what is 437 - 61?
3c6
In base 12, what is -18126 + 2?
-18124
In base 10, what is -17 + -572?
-589
In base 12, what is -5 - 3a1b?
-3a24
In base 10, what is 65601 - -3?
65604
In base 10, what is -365 - 64?
-429
In base 3, what is -221 - 1000211222?
-1000212220
In base 9, what is 640634 - -5?
640640
In base 5, what is -2322041 + 33?
-2322003
In base 16, what is a2b4 - -c?
a2c0
In base 2, what is -1001000010011001001111 - 0?
-1001000010011001001111
In base 9, what is -3241 - -65?
-3165
In base 11, what is -2 + -1a679?
-1a680
In base 13, what is 79c2 + -ca?
78c5
In base 6, what is -5 - -2202045?
2202040
In base 9, what is -117118 + -3?
-117122
In base 4, what is -2 + -11231033?
-11231101
In base 11, what is 32 + -23970?
-23939
In base 2, what is -1 - 11111000101100?
-11111000101101
In base 14, what is -18c + -2db4?
-3162
In base 2, what is 101010 + -1100011001111001?
-1100011001001111
In base 6, what is 14412010 + 4?
14412014
In base 4, what is -122030 - 32231?
-220321
In base 11, what is -22 - -a86a?
a848
In base 7, what is -322443 + 1?
-322442
In base 2, what is 100111111110011111 - 1101?
100111111110010010
In base 15, what is 4 + -30566?
-30562
In base 11, what is -106a - -25?
-1045
In base 6, what is -13152 - 520?
-14112
In base 9, what is 8487556 + -5?
8487551
In base 7, what is -3403 + 40?
-3333
In base 6, what is 231510 - 2?
231504
In base 3, what is 11 - 100211000?
-100210212
In base 8, what is -24 + -1703?
-1727
In base 5, what is -1444 + -222?
-2221
In base 2, what is -1000110 + 10011011101?
10010010111
In base 13, what is 483 + -38?
448
In base 12, what is -4 - -92251?
92249
In base 14, what is 5 + d36c?
d373
In base 12, what is -50 - -305?
275
In base 2, what is 100011010010101010000 + -1?
100011010010101001111
In base 15, what is -75e0 + -b?
-75eb
In base 16, what is 6 + 2f4?
2fa
In base 15, what is -24 + 105?
d1
In base 4, what is 3100123 - 2?
3100121
In base 8, what is -2125 - 1116?
-3243
In base 15, what is -3d80e + 2?
-3d80c
In base 8, what is -7073 + 206?
-6665
In base 5, what is 2 - 123142214?
-123142212
In base 7, what is -5 + -105450?
-105455
In base 13, what is -157 + -b8?
-242
In base 14, what is 4 - 4d2d5?
-4d2d1
In base 8, what is 302 - 1425?
-1123
In base 3, what is -2 + -1211201?
-1211210
In base 12, what is 316796 - -5?
31679b
In base 10, what is 281768 - -5?
281773
In base 15, what is ec1 + 32?
1003
In base 7, what is 4252 - 10?
4242
In base 12, what is 34a8 - 156?
3352
In base 2, what is 10100101110101 - -11?
10100101111000
In base 4, what is 32230 + 23200?
122030
In base 8, what is 0 - -2054536?
2054536
In base 7, what is 5 + 14221?
14226
In base 9, what is -11328 + 32?
-11286
In base 8, what is -25012 + -6?
-25020
In base 15, what is -52 + 262?
210
In base 13, what is -515461 - -1?
-515460
In base 13, what is aa25 - -2?
aa27
In base 9, what is 4 + 162533?
162537
In base 4, what is -12 - -1113303?
1113231
In base 3, what is -120 - 21212000?
-21212120
In base 15, what is 1b + -1b0c?
-1ae1
In base 16, what is -18398 - 1?
-18399
In base 13, what is -24 - -158?
134
In base 6, what is 4 - -4014505?
4014513
In base 16, what is 2 - -22dc?
22de
In base 11, what is 5783 - -31?
5804
In base 10, what is 1 - 136291?
-136290
In base 5, what is -4 + 211324?
211320
In base 6, what is 35 + -10514240?
-10514201
In base 10, what is -5 + -4781?
-4786
In base 2, what is -10101110011 - 101100000?
-11011010011
In base 10, what is -36766 - 0?
-36766
In base 11, what is 8 + 25?
32
In base 15, what is 720 - 2c?
6e3
In base 2, what is -11 + 110111001110110111?
110111001110110100
In base 12, what is -138 - -62?
-96
In base 13, what is 2 + 654?
656
In base 11, what is -516754 + -5?
-516759
In base 2, what is 110010 + 10111111100?
11000101110
In base 16, what is 1a8f - 5f?
1a30
In base 6, what is -220200 - 1?
-220201
In base 5, what is 20 - 1202012?
-1201442
In base 16, what is 5 - 97440?
-9743b
In base 12, what is -5 - 16131?
-16136
In base 7, what is 4